et z be l(-5). Let x = z + -15. Determine v(x).
-4
Let k(x) be the third derivative of 0*x**3 + 0 - 1/40*x**5 + 1/720*x**6 + 0*x - 3*x**2 + 1/24*x**4. Let b(g) be the second derivative of k(g). Calculate b(4).
1
Let o(v) be the third derivative of -v**4/24 + v**3/2 + 2*v**2. Determine o(6).
-3
Let r(z) be the first derivative of -3*z**2/2 + 2*z - 2. Suppose -9 = -5*h + 1. Determine r(h).
-4
Let v(p) = 11*p - 23*p + 14*p + 6. Suppose -3*h + 1 = -4*k + 3*k, 5*k = 3*h + 19. Suppose -2*l - 3*u = 2*l + 30, -5*u = -h*l - 2. Give v(l).
-6
Let a(q) = q**2 + 4*q - 2. Let z(k) = k**3 - 4*k**2 + 3*k - 1. Let s be z(2). Let i(m) = m**2 + 5*m - 2. Let v(y) = s*a(y) + 2*i(y). Calculate v(2).
-6
Let p(s) be the third derivative of s**6/120 + s**5/30 - s**4/8 + 2*s**3/3 - s**2. Let u be p(-3). Let d(a) = a**3 - 3*a**2 - 2*a - 4. What is d(u)?
4
Let v(i) = i**2 - 5*i + 3. Let g be v(5). Let d = 2 - g. Let l(s) be the first derivative of -2*s**4 + s + 8. Calculate l(d).
9
Suppose 8 + 8 = 4*m - 3*t, 2*t = 0. Let v(d) = d**2 - d - 1. Let q(c) = 2*c**2 - 3*c - 5. Let n(x) = -q(x) + v(x). Give n(m).
-4
Suppose 3*u - u - 12 = 0. Let w(l) = 3*l - 1. Give w(u).
17
Suppose 5*r + 3 = 4*i, -3*r + 2*r + 3 = -2*i. Let a(b) = -1 - b + 2*b + 0. Calculate a(i).
-4
Let p be 10/1 - (-20 + 24). Let k(j) = j - 8 + j**3 - 3*j**2 + 0*j**3 - 3*j**2. Give k(p).
-2
Let y(d) be the first derivative of -d**4/4 - 7*d**3/3 - d**2/2 + d - 1. Determine y(-7).
8
Let h(a) = -21 + 3*a**3 + 10 + 10. Let z(r) = r**2 - 4*r + 2. Let o be z(3). Let f(n) = -n. Let g be f(o). What is h(g)?
2
Let l(w) = w**3 - w**2 - 3*w + 2. Let m be (-11 + 13)/((-2)/(-5)). Suppose m*h - 2 = 8. Calculate l(h).
0
Let h(d) be the second derivative of -2*d**5/5 - d**4/12 - d**3/6 + 2*d. Calculate h(-1).
8
Let n(v) = -v + 1. Let x(p) = 3*p + 4. Let a(j) = -2*n(j) - x(j). What is a(-5)?
-1
Let j(p) = 2*p**2 + 2*p - 1. Let c be 1 - (-2)/(-8)*0. What is j(c)?
3
Let q(t) = -t + 3. Let a be q(3). Let y = 0 - a. Let k(r) = 7*r**2 - 7*r - 18. Let f(p) = -4*p**2 + 4*p + 9. Let h(v) = -5*f(v) - 3*k(v). What is h(y)?
9
Let d be ((-2)/6)/((-2)/(-42)). Let c = d + 11. Let g(n) = -n**3 + 5*n**2 - 6*n + 4. Calculate g(c).
-4
Let b = 0 - 7. Suppose -4*m + 2*o = -46, -2*m + 6 = -3*m - 3*o. Let l = m + b. Let p(f) = f**3 - 4*f**2 + f - 1. Calculate p(l).
-7
Suppose -35 = 7*w - 0*w. Let z(g) = -6*g**3 + g**2 - g - 1. Let j be z(-1). Let o(a) = -6*a**2 - a**3 - j*a - 4*a**3 + 1 + 4*a**3. Determine o(w).
11
Suppose -5*m = -r + 2*r + 29, -3*m + 5*r + 5 = 0. Let z(v) = -v**3 - 6*v**2 - 4*v. Give z(m).
-5
Let c(i) be the third derivative of -i**4/24 + i**3/3 - 47*i**2. Determine c(-5).
7
Suppose -m = -2*y - 0*m - 19, 5*y + 5*m = -70. Let v = 16 + y. Let t(l) = l**2 - 6*l - 2. Give t(v).
-7
Let k(s) be the second derivative of s**5/30 + s**4/8 + s**3 - 6*s. Let x(f) be the second derivative of k(f). Calculate x(-3).
-9
Let x(g) = 7*g + 57. Let l be x(-8). Let h(p) = p**2 - 2*p - 1. Let f be h(-1). Let v(k) = 5*k**f + 0*k**2 + 2 - 1. Calculate v(l).
6
Suppose 6 = p + 2*p. Suppose 4*r = -4*z + z, -p*z = 0. Let b(l) = -l**3 + l**2 + l + 1. Let f be b(r). Let t(y) = -6*y - 1. Give t(f).
-7
Let n(c) = c**2 + 7*c. Let r be (-40)/6 + (-12)/36. Calculate n(r).
0
Let v(w) = -19*w**3 - 2*w**2 + 4*w - 3. Let p(a) = -39*a**3 - 4*a**2 + 9*a - 7. Let c(j) = -4*p(j) + 9*v(j). What is c(-1)?
14
Let w(z) = -z**3 - 3*z**2 - z - 1. Let j be w(-3). Let k(x) be the third derivative of x**6/120 - x**5/12 + x**4/24 - 2*x**2. Give k(j).
-10
Let r(n) be the second derivative of n**4/12 + 4*n**3/3 + 5*n**2/2 - 202*n. Let g be 4/6 + (-20)/3. Give r(g).
-7
Let m(z) = -7*z**3 + 10*z**2 - 4*z + 4. Let r(l) = -l**3 + l**2 - l. Let o(i) = -m(i) + 6*r(i). Let a = -73 + 77. Calculate o(a).
-12
Let d(i) be the third derivative of 0*i**3 + 1/60*i**5 - i**2 + 5/24*i**4 + 0*i + 0. Let t be 12/(-3) - (-1)/(-1). What is d(t)?
0
Let z(a) = a - 7. Let i(s) = 6*s**2 - s + 1. Let y be i(1). Let o be z(y). Let g(m) be the second derivative of 3*m**5/10 - m**4/12 - m**3/6 - 2*m. Give g(o).
-6
Let m be 5*(1 - 10/25). Let b(w) = -w**3 + 4*w**2 - w + 3. What is b(m)?
9
Let g(o) = -o - 4. Let i be (-8)/12*75/(-10). Give g(i).
-9
Let m(z) = 3*z**3 + z**2 - 1. Let q = -31 - -29. Give m(q).
-21
Suppose -5*u - y + 17 = 0, -5*y = 2*u + 7 - 23. Let t(k) be the second derivative of k**4/12 - 5*k**3/6 + 2*k**2 + 232*k. What is t(u)?
-2
Let t = 8 + -12. Let p be (t - -3) + -2 - 0. Let h(g) = -g + 1. Calculate h(p).
4
Let w(r) = 4*r**2 + r + 7. Let f(x) = -5*x**2 - 2*x - 8. Let u(y) = 3*f(y) + 4*w(y). Let o(k) = -k**3 - 11*k**2 - 13*k + 48. Let v be o(-9). Determine u(v).
7
Let t = 16 + -8. Let i be t + -3*(-3 + 4). Let w(o) = -o**2 + 8*o - 2. Give w(i).
13
Suppose -h + 3 = 0, -2*l - 4*h = 2*l - 12. Let y(k) = l - 3*k + 4*k - 1. What is y(6)?
5
Suppose z - 9 = -2*z. Suppose -2*u - u + z = 0. Let g(j) = -4*j**3 - 2*j**2 + j. Determine g(u).
-5
Let f = 15 + -15. Let w(t) be the second derivative of t**5/20 + t**3/6 + 3*t**2 + 2*t. Calculate w(f).
6
Let o(v) = v**3 - v**2 + v. Let p(s) = -s**3 + 2*s**2 - 6*s + 1. Let k(m) = -2*o(m) - p(m). Calculate k(3).
-16
Let r = 1 + 3. Suppose 2*z = 3*l + l + 8, -r*l = 5*z - 20. Let d(b) = 2*b**2 - 4*b - 5. Let m(y) = y**2 - 3*y - 5. Let n(x) = -2*d(x) + 3*m(x). What is n(l)?
-5
Let b(k) be the second derivative of -k**4/12 - k**3/2 - 2*k**2 + 7*k. What is b(-4)?
-8
Let d(k) be the first derivative of -1/2*k**2 - 1/3*k**3 - 10*k - 1. Let y(u) = -4*u + 40. Let a be y(10). Calculate d(a).
-10
Let y(c) be the third derivative of -2*c**2 - 1/12*c**5 - c**3 + 1/6*c**4 - 1/120*c**6 + 0*c + 0. Suppose -20*f + 19*f = 6. What is y(f)?
6
Let p(c) be the second derivative of -c**3/6 + 3*c**2 + c. Suppose 2*s + 5*k = 10, 4*s - 4*k = s + 15. Determine p(s).
1
Let m(w) = w**2 - 6*w - 4. Let y be m(6). Let f(z) = z**2 + 5*z. What is f(y)?
-4
Suppose 4*p - 4 = -2*r, -3*p - r - r + 5 = 0. Let n(d) = -7*d + 1. Determine n(p).
8
Suppose -1 = -3*g - b, 4*b - 5*b = -3*g - 1. Suppose -2*v + 6 + 0 = g. Let s(z) = -5*z - 4 + 2 + 2*z**3 - 5*z**2 - 3*z**v. Determine s(-3).
-5
Let t(h) = 0*h + 191 - 190 + h. Calculate t(-7).
-6
Let b(y) = -2*y + 1. Let o = 28 + -48. Let h be (-30)/o*(-8)/6. Determine b(h).
5
Let t(g) = -2 + 6 - 5*g + g**2 - 2*g + 1. Suppose -3 = -r + 1. Calculate t(r).
-7
Let y = 20 + -17. Let a(n) = -1 + 1 - 6*n + y*n. Suppose d - 3 = -0*d. Calculate a(d).
-9
Let s(v) = -7*v**2 - 12*v + 14. Let a(y) = 2*y**2 + y - 1. Let g(j) = -4*a(j) - s(j). What is g(7)?
-3
Let x(r) = -r**2 + 5*r + 7. Let w = -66 + 72. What is x(w)?
1
Let o(h) = 2*h**2 - 10*h + 5. Let b be o(3). Let g(z) = z + 6. What is g(b)?
-1
Let q be 0/4 + (5 - 2). Let h be 2*3/18*q. Let n(r) be the second derivative of -7*r**3/6 + r. Determine n(h).
-7
Let y(i) be the first derivative of -2*i**3/3 - i**2 + i + 28. Calculate y(-2).
-3
Let j(y) be the first derivative of -4/3*y**3 + 2*y**2 + 3*y + 3 - 1/4*y**4. Give j(-5).
8
Let r be (-50)/(-8) - 4/16. Suppose 0 = -3*p + 2*p - r. Let q(w) = -2 + 2 + 3 + 7*w + w**2. Determine q(p).
-3
Let i(h) = -h + 4. Suppose 0 = -3*w + 2*w. Let v(z) = -2*z - 2. Let y be v(-3). Suppose p = -w*p + y. What is i(p)?
0
Let l(g) = -g**2 + 3*g - 1. Let n = 15 + -13. Determine l(n).
1
Let i(r) = -2 - 5*r - 3*r**2 + r**2 + 0*r**2. Let g = 5 + -8. Give i(g).
-5
Let a(z) = -z**3 + 5*z**2 - 1. Let t be ((-35)/14)/((-1)/2). Give a(t).
-1
Let u = 1/66 + 7/264. Let c(s) be the third derivative of -1/6*s**3 + 2*s**2 + 0 + u*s**4 + 0*s. Calculate c(3).
2
Suppose 0 = -4*d, 2*j - 4 + 6 = 3*d. Let h(p) = -5*p**3 - p**2 - 2*p - 1. Let a(x) = -5*x**3 - x**2 - 2*x - 1. Let g(c) = 5*a(c) - 6*h(c). Give g(j).
-5
Let b be 1*((-3)/9 + (-2)/3). Let x(p) be the second derivative of -p**6/240 - p**4/12 + p. Let s(h) be the third derivative of x(h). Calculate s(b).
3
Suppose 15 = -7*r + 2*r. Let d(w) = w**2 - 7. Let c(l) = 2*l**2 - 15. Let k(q) = 6*c(q) - 13*d(q). Calculate k(r).
-8
Let x = 7 - 1. Let d(q) = q**3 - 7*q**2 + 6*q. Calculate d(x).
0
Suppose m - 4*c = c - 8, -2*m - 5*c - 16 = 0. Suppose 8 = 2*l - 0*l. Let t = l + m. Let f(s) = s**3 + 5*s**2 + 5*s + 4. Calculate f(t).
0
Suppose 5*d - 12 = 33. Let w(n) = -n - 10*n + d*n + 3. Determine w(-4).
11
Let g(r) = -5*r. Let y(n) = -n + 11. Suppose -4*v + 30 